{"id":3,"date":"2022-11-30T17:03:50","date_gmt":"2022-11-30T17:03:50","guid":{"rendered":"https:\/\/netzero-community.com\/prueba\/?page_id=3"},"modified":"2023-02-07T18:24:23","modified_gmt":"2023-02-08T00:24:23","slug":"aviso-privacidad","status":"publish","type":"page","link":"https:\/\/netzero-community.com\/prueba\/aviso-privacidad\/","title":{"rendered":"Aviso de privacidad"},"content":{"rendered":"<p>De conformidad con lo dispuesto en la \u201cLey Federal de Protecci\u00f3n de Datos Personales en Posesi\u00f3n de los Particulares\u201d, se emite el siguiente Aviso de Privacidad conforme a lo siguiente:<\/p>\n<p><strong>RESPONSABLE DEL TRATAMIENTO DE DATOS PERSONALES<\/strong><br \/>\nTalk About Content, S. de R.L. de C.V., con domicilio en Masagua 15, Colonia Valle del Tepeyac, Ciudad de M\u00e9xico, Gustavo A. Madero, C.P. 07740, M\u00e9xico,, es responsable del leg\u00edtimo uso, control y tratamiento de sus datos personales.<\/p>\n<p>El Departamento de Datos Personales es el designado por Talk About Content, S. de R.L. de C.V., para el tr\u00e1mite de solicitudes de los titulares, para el ejercicio de sus derechos derivados e inherentes a los datos personales.<\/p>\n<p>V\u00ednculos de Contacto<\/p>\n<p>Domicilio: Masagua 15, Colonia Valle del Tepeyac, Ciudad de M\u00e9xico, Gustavo A. Madero, C.P. 07740, M\u00e9xico.\u2028Correo Electr\u00f3nico: datospersonales@netzero-community.com<\/p>\n<p>Titular: Es la persona f\u00edsica a quien corresponden los datos personales.<\/p>\n<p><strong>FINALIDAD DEL TRATAMIENTO DE LOS DATOS PERSONALES<\/strong><\/p>\n<ul>\n<li>Los datos personales ser\u00e1n utilizados para las siguientes finalidades:<\/li>\n<li>Identificaci\u00f3n<\/li>\n<li>Proveer los servicios y\/o productos requeridos por el titular<\/li>\n<li>Informar sobre cambios o nuevos productos y\/o servicios que est\u00e9n relacionados con el contratado o adquirido por el titular.<\/li>\n<li>Dar cumplimiento a obligaciones contra\u00eddas con nuestros clientes.<\/li>\n<li>Evaluar la calidad del servicio<\/li>\n<li>Realizar estudios internos sobre h\u00e1bitos de consumo<\/li>\n<li>Realizar estudios de mercado<\/li>\n<li>Enviar publicidad relevante propia o de terceros<\/li>\n<li>Prospecci\u00f3n comercial<\/li>\n<li>Seguimiento a la venta<\/li>\n<li>Ofrecimiento y promoci\u00f3n de bienes, productos y servicios<\/li>\n<li>Contactar y hacer llegar comunicaciones con fines promocionales<\/li>\n<li>Ofrecimiento para participar en cursos y conferencias<\/li>\n<li>Registro en eventos, sorteos, expos y conferencias<\/li>\n<li>Servicios de Atenci\u00f3n al Cliente<\/li>\n<\/ul>\n<p>Para las finalidades establecidas en el presente aviso de privacidad, se establece que los datos recabados por Talk About Content, S. de R.L. de C.V. pueden acontecer de las formas que a o continuaci\u00f3n se describen:<\/p>\n<ul>\n<li>Recabaci\u00f3n de datos de forma personal o de forma directa (por medio de formularios, tarjetas de presentaci\u00f3n, cuestionarios, comunicaci\u00f3n telef\u00f3nica, eventos, etc.).<\/li>\n<li>Recabaci\u00f3n de datos personales de forma electr\u00f3nica o digital a trav\u00e9s de nuestros sitios web operados por Talk About Content, S. de R.L. de C.V.<\/li>\n<li>O por cualquier otra forma permitida por la ley como pueden ser entre otros los directorios telef\u00f3nicos, directorios laborales.<\/li>\n<\/ul>\n<p><strong>DATOS PERSONALES E INFORMACION PERSONAL<\/strong><br \/>\nLos datos personales obtenidos a trav\u00e9s de cualquiera de los medios anteriormente descritos pueden ser entre otros:<\/p>\n<p>Datos de identificaci\u00f3n como: nombre, nacionalidad, edad, sexo, estado civil, ocupaci\u00f3n domicilio f\u00edsico y de correspondencia, tel\u00e9fono fijo y m\u00f3vil, correo electr\u00f3nico y forma de contacto preferida.<\/p>\n<p>Datos laborales como: Puesto, domicilio laboral y de correspondencia, correo electr\u00f3nico, tel\u00e9fono, m\u00f3vil y n\u00famero de fax del trabajo.\u2028 Datos bancarios y de facturaci\u00f3n como: N\u00famero de cuenta bancaria, CLABE interbancaria para transferencias electr\u00f3nicas, Registro Federal de Causantes RFC, domicilio legal o fiscal datos de facturaci\u00f3n.<\/p>\n<p>Talk About Content, S. de R.L. de C.V. no hace recabaci\u00f3n de datos personales sensibles como lo son: origen racial o \u00e9tnico, estado de saludo presente y futuro, informaci\u00f3n gen\u00e9tica, creencia religiosa, fisiol\u00f3gicas y morales, afiliaci\u00f3n sindical, opiniones pol\u00edticas, preferencia sexual, y dem\u00e1s que puedan afectar a la esfera m\u00e1s \u00edntima de su titular, o cuya utilizaci\u00f3n indebida pueda dar origen a la discriminaci\u00f3n o conlleve un riesgo grave para \u00e9ste.<\/p>\n<p><strong>CONSENTIMIENTO<\/strong><br \/>\nEl titular consentir\u00e1 el tratamiento de sus datos personales, sino externa su negativa para el efecto, a trav\u00e9s de los v\u00ednculos de contacto referidos en el presente Aviso de Privacidad.<\/p>\n<p><strong>ACCESO, RECTIFICACI\u00d3N, CANCELACI\u00d3N U OPOSICION (DERECHOS ARCO) DEL USO DE DATOS PERSONALES<\/strong><br \/>\nEl titular de datos personales, es decir, la persona f\u00edsica a la cual se refiere la informaci\u00f3n personal puede ejercitar los derechos de acceso, rectificaci\u00f3n, cancelaci\u00f3n y oposici\u00f3n (\u201cARCO\u201d) respecto a sus datos personales pudiendo solicitar a Talk About Content, S. de R.L. de C.V. el acceso a sus datos personales que esta posea, as\u00ed como a los detalles del tratamiento de los mismos, a la rectificaci\u00f3n en caso de ser inexactos o incompletos, cancelarlos cuando se consideren que no se requieren para alguna de las finalidades se\u00f1aladas en el presente aviso de privacidad o est\u00e9n siendo utilizados para finalidades no consentidas o haya finalizado la relaci\u00f3n contractual o de servicio o bien, oponerse al tratamiento de los mismos para fines espec\u00edficos, siguiendo el procedimiento establecido para el efecto que a continuaci\u00f3n se enuncia como sigue:<\/p>\n<p><strong>PROCEDIMIENTO PARA LIMITAR EL USO O DIVULGACI\u00d3N DE SUS DATOS PERSONALES<\/strong><br \/>\nEl titular puede solicitar a Talk About Content, S. de R.L. de C.V. dejar de recibir mensajes promocionales por tel\u00e9fono fijo o celular, correo postal, correo electr\u00f3nico y dem\u00e1s permitido por la ley siguiendo el procedimiento establecido para el efecto que a continuaci\u00f3n se enuncia como sigue: La solicitud deber\u00e1 contener: El Nombre del Titular, domicilio y direcci\u00f3n de email para comunicarle la respuesta a la solicitud.<\/p>\n<p>Los documentos que acrediten la identidad, o en su caso, la representaci\u00f3n legal del titular. La descripci\u00f3n clara y precisa de los datos personales respecto a los cuales quiere limitar su uso o divulgaci\u00f3n.<\/p>\n<p>Cualquier otro documento o elemento que facilite la localizaci\u00f3n de los datos personales correspondientes. La solicitud deber\u00e1 ser enviada al Departamento de Datos Personales, por cualquier v\u00eda de comunicaci\u00f3n de los enunciados en el presente Aviso de Privacidad como V\u00ednculos de Contacto. Una vez recibida la solicitud de limitaci\u00f3n al uso o divulgaci\u00f3n de los datos personales, el Departamentos de Datos Personales, tendr\u00e1 un plazo m\u00e1ximo de veinte d\u00edas h\u00e1biles, para resolver la petici\u00f3n de m\u00e9rito; misma que har\u00e1 efectiva en un t\u00e9rmino m\u00e1ximo de quince d\u00edas h\u00e1biles, contados a partir de la fecha en que se comunic\u00f3 al titular la respuesta. El procedimiento antes descrito es gratuito; salvo los gastos justificados de env\u00edo (paqueter\u00eda) que se llegar\u00e1n a ameritar, pueden correr a cargo del titular. El procedimiento en cuesti\u00f3n, se emite sin perjuicio por cualquier otro mecanismo m\u00e1s expedito que se llegar\u00e9 a colocar en cada medio de Talk About Content, S. de R.L. de C.V.<\/p>\n<p><strong>TRANSFERENCIA DE DATOS PERSONALES<\/strong><br \/>\nTalk About Content, S. de R.L. de C.V. podr\u00e1 transferir los datos personales que haya recibido o recabado entre las empresas del grupo a las que pertenece o sea socio estrat\u00e9gico. Si el titular no manifiesta su oposici\u00f3n para que sus datos personales sean transferidos se entender\u00e1 que ha otorgado su consentimiento.<\/p>\n<p><strong>OTRA INFORMACION NO PERSONAL QUE SE RECABA EN NUESTROS SITIOS Y PORTALES DE INTERNET<\/strong><br \/>\nRecibir y recabar cierta informaci\u00f3n que se genera cuando usted interact\u00faa en nuestros sitios web, a fin de permitir que los sitios web operen correctamente, evaluar su uso y mostrar informaci\u00f3n que pueda resultar de su inter\u00e9s.<br \/>\nUso de web beacons a trav\u00e9s de im\u00e1genes insertadas en una p\u00e1gina de internet o correo inal\u00e1mbrico que puede ser utilizado para monitorear el comportamiento de un visitante, como almacenar informaci\u00f3n sobre la direcci\u00f3n IP del usuario, duraci\u00f3n del tiempo de interacci\u00f3n en dicha p\u00e1gina y el tipo de navegador utilizado<br \/>\nAsimismo, se pueden utilizar \u201ccookies\u201d, a fin de brindarle una mejor experiencia de navegaci\u00f3n cuando utilice o regrese a nuestros sitios web. Una \u201ccookie\u201d es un archivo de texto que un sitio web o un correo electr\u00f3nico puede salvar en su navegador y almacenarlo en su disco duro.<\/p>\n<p><strong>MEDIDAS DE SEGURIDAD<\/strong><\/p>\n<p>Talk About Content, S. de R.L. de C.V. implementa y mantiene las medidas de seguridad, t\u00e9cnicas, administrativas y f\u00edsicas, necesarias para proteger sus datos personales y evitar su da\u00f1o, p\u00e9rdida, alteraci\u00f3n, destrucci\u00f3n o el uso, acceso o tratamiento no autorizado. Se advierte que en nuestros productos y\/o servicios pueden encontrarse entre otros, enlaces a sitios web, links, aplicaciones que utilicen las plataformas de Talk About Content, S. de R.L. de C.V. y servicios de otras empresas que cuentan con sus propias pol\u00edticas o avisos de privacidad, las cuales le sugerimos se consulten con la finalidad de tener conocimiento de las mismas.<\/p>\n<p><strong>MODIFICACIONES AL AVISO DE PRIVACIDAD<\/strong><\/p>\n<p>Talk About Content, S. de R.L. de C.V. se reserva el derecho de enmendar o modificar el presente Aviso de Privacidad o el que haya puesto a su disposici\u00f3n, como estime conveniente, para cumplir con cambios a la legislaci\u00f3n o cumplir con disposiciones internas de Talk About Content, S. de R.L. de C.V., as\u00ed como para cumplir con nuevos requerimientos para la prestaci\u00f3n u ofrecimiento de nuestros servicios o productos. Dichas modificaciones al Aviso de Privacidad estar\u00e1n disponibles a trav\u00e9s de los siguientes medios. En nuestra p\u00e1gina de internet en la secci\u00f3n Aviso de Privacidad y\/o a trav\u00e9s del \u00faltimo correo electr\u00f3nico registrado de los titulares de los datos personales.<\/p>\n<p><em><strong>\u00daltima actualizaci\u00f3n: Enero de 2023.<\/strong><\/em><\/p>\n","protected":false},"excerpt":{"rendered":"De conformidad con lo dispuesto en la \u201cLey Federal de Protecci\u00f3n de Datos Personales en Posesi\u00f3n de los&hellip;\n","protected":false},"author":1,"featured_media":0,"parent":0,"menu_order":0,"comment_status":"closed","ping_status":"open","template":"","meta":{"csco_singular_sidebar":"","csco_page_header_type":"","csco_custom_appearance":"","csco_disable_excerpt_posts_layout":false,"csco_page_load_nextpost":"","csco_post_video_location":[],"csco_post_video_location_hash":"","csco_post_video_url":"","csco_post_video_bg_start_time":0,"csco_post_video_bg_end_time":0,"footnotes":""},"class_list":{"0":"post-3","1":"page","2":"type-page","3":"status-publish","5":"cs-entry","6":"cs-video-wrap"},"yoast_head":"<!-- This site is optimized with the Yoast SEO plugin v27.4 - https:\/\/yoast.com\/product\/yoast-seo-wordpress\/ -->\n<title>Aviso de privacidad - Net-Zero Community<\/title>\n<meta name=\"robots\" content=\"index, follow, max-snippet:-1, max-image-preview:large, max-video-preview:-1\" \/>\n<link rel=\"canonical\" href=\"https:\/\/netzero-community.com\/prueba\/aviso-privacidad\/\" \/>\n<meta property=\"og:locale\" content=\"es_ES\" \/>\n<meta property=\"og:type\" content=\"article\" \/>\n<meta property=\"og:title\" content=\"Aviso de privacidad - Net-Zero Community\" \/>\n<meta property=\"og:description\" content=\"De conformidad con lo dispuesto en la \u201cLey Federal de Protecci\u00f3n de Datos Personales en Posesi\u00f3n de los&hellip;\" \/>\n<meta property=\"og:url\" content=\"https:\/\/netzero-community.com\/prueba\/aviso-privacidad\/\" \/>\n<meta property=\"og:site_name\" content=\"Net-Zero Community\" \/>\n<meta property=\"article:publisher\" content=\"https:\/\/www.facebook.com\/NetZeroCommunity\" \/>\n<meta property=\"article:modified_time\" content=\"2023-02-08T00:24:23+00:00\" \/>\n<meta name=\"twitter:card\" content=\"summary_large_image\" \/>\n<meta name=\"twitter:label1\" content=\"Tiempo de lectura\" \/>\n\t<meta name=\"twitter:data1\" content=\"8 minutos\" \/>\n<script type=\"application\/ld+json\" class=\"yoast-schema-graph\">{\"@context\":\"https:\\\/\\\/schema.org\",\"@graph\":[{\"@type\":\"WebPage\",\"@id\":\"https:\\\/\\\/netzero-community.com\\\/prueba\\\/aviso-privacidad\\\/\",\"url\":\"https:\\\/\\\/netzero-community.com\\\/prueba\\\/aviso-privacidad\\\/\",\"name\":\"Aviso de privacidad - Net-Zero Community\",\"isPartOf\":{\"@id\":\"https:\\\/\\\/netzero-community.com\\\/prueba\\\/#website\"},\"datePublished\":\"2022-11-30T17:03:50+00:00\",\"dateModified\":\"2023-02-08T00:24:23+00:00\",\"breadcrumb\":{\"@id\":\"https:\\\/\\\/netzero-community.com\\\/prueba\\\/aviso-privacidad\\\/#breadcrumb\"},\"inLanguage\":\"es\",\"potentialAction\":[{\"@type\":\"ReadAction\",\"target\":[\"https:\\\/\\\/netzero-community.com\\\/prueba\\\/aviso-privacidad\\\/\"]}]},{\"@type\":\"BreadcrumbList\",\"@id\":\"https:\\\/\\\/netzero-community.com\\\/prueba\\\/aviso-privacidad\\\/#breadcrumb\",\"itemListElement\":[{\"@type\":\"ListItem\",\"position\":1,\"name\":\"Portada\",\"item\":\"https:\\\/\\\/netzero-community.com\\\/prueba\\\/\"},{\"@type\":\"ListItem\",\"position\":2,\"name\":\"Aviso de privacidad\"}]},{\"@type\":\"WebSite\",\"@id\":\"https:\\\/\\\/netzero-community.com\\\/prueba\\\/#website\",\"url\":\"https:\\\/\\\/netzero-community.com\\\/prueba\\\/\",\"name\":\"Net-Zero Community\",\"description\":\"Net-Zero Community es una publicaci\u00f3n digital sobre el panorama de la sustentabilidad en M\u00e9xico y Latinoam\u00e9rica y las soluciones tecnol\u00f3gicas y de servicios existentes para conseguir la descarbonizaci\u00f3n\",\"publisher\":{\"@id\":\"https:\\\/\\\/netzero-community.com\\\/prueba\\\/#organization\"},\"potentialAction\":[{\"@type\":\"SearchAction\",\"target\":{\"@type\":\"EntryPoint\",\"urlTemplate\":\"https:\\\/\\\/netzero-community.com\\\/prueba\\\/?s={search_term_string}\"},\"query-input\":{\"@type\":\"PropertyValueSpecification\",\"valueRequired\":true,\"valueName\":\"search_term_string\"}}],\"inLanguage\":\"es\"},{\"@type\":\"Organization\",\"@id\":\"https:\\\/\\\/netzero-community.com\\\/prueba\\\/#organization\",\"name\":\"Net-Zero Community\",\"url\":\"https:\\\/\\\/netzero-community.com\\\/prueba\\\/\",\"logo\":{\"@type\":\"ImageObject\",\"inLanguage\":\"es\",\"@id\":\"https:\\\/\\\/netzero-community.com\\\/prueba\\\/#\\\/schema\\\/logo\\\/image\\\/\",\"url\":\"https:\\\/\\\/netzero-community.com\\\/prueba\\\/wp-content\\\/uploads\\\/2023\\\/02\\\/nzc-logotipo.jpg\",\"contentUrl\":\"https:\\\/\\\/netzero-community.com\\\/prueba\\\/wp-content\\\/uploads\\\/2023\\\/02\\\/nzc-logotipo.jpg\",\"width\":696,\"height\":696,\"caption\":\"Net-Zero Community\"},\"image\":{\"@id\":\"https:\\\/\\\/netzero-community.com\\\/prueba\\\/#\\\/schema\\\/logo\\\/image\\\/\"},\"sameAs\":[\"https:\\\/\\\/www.facebook.com\\\/NetZeroCommunity\"]}]}<\/script>\n<!-- \/ Yoast SEO plugin. -->","yoast_head_json":{"title":"Aviso de privacidad - Net-Zero Community","robots":{"index":"index","follow":"follow","max-snippet":"max-snippet:-1","max-image-preview":"max-image-preview:large","max-video-preview":"max-video-preview:-1"},"canonical":"https:\/\/netzero-community.com\/prueba\/aviso-privacidad\/","og_locale":"es_ES","og_type":"article","og_title":"Aviso de privacidad - Net-Zero Community","og_description":"De conformidad con lo dispuesto en la \u201cLey Federal de Protecci\u00f3n de Datos Personales en Posesi\u00f3n de los&hellip;","og_url":"https:\/\/netzero-community.com\/prueba\/aviso-privacidad\/","og_site_name":"Net-Zero Community","article_publisher":"https:\/\/www.facebook.com\/NetZeroCommunity","article_modified_time":"2023-02-08T00:24:23+00:00","twitter_card":"summary_large_image","twitter_misc":{"Tiempo de lectura":"8 minutos"},"schema":{"@context":"https:\/\/schema.org","@graph":[{"@type":"WebPage","@id":"https:\/\/netzero-community.com\/prueba\/aviso-privacidad\/","url":"https:\/\/netzero-community.com\/prueba\/aviso-privacidad\/","name":"Aviso de privacidad - Net-Zero Community","isPartOf":{"@id":"https:\/\/netzero-community.com\/prueba\/#website"},"datePublished":"2022-11-30T17:03:50+00:00","dateModified":"2023-02-08T00:24:23+00:00","breadcrumb":{"@id":"https:\/\/netzero-community.com\/prueba\/aviso-privacidad\/#breadcrumb"},"inLanguage":"es","potentialAction":[{"@type":"ReadAction","target":["https:\/\/netzero-community.com\/prueba\/aviso-privacidad\/"]}]},{"@type":"BreadcrumbList","@id":"https:\/\/netzero-community.com\/prueba\/aviso-privacidad\/#breadcrumb","itemListElement":[{"@type":"ListItem","position":1,"name":"Portada","item":"https:\/\/netzero-community.com\/prueba\/"},{"@type":"ListItem","position":2,"name":"Aviso de privacidad"}]},{"@type":"WebSite","@id":"https:\/\/netzero-community.com\/prueba\/#website","url":"https:\/\/netzero-community.com\/prueba\/","name":"Net-Zero Community","description":"Net-Zero Community es una publicaci\u00f3n digital sobre el panorama de la sustentabilidad en M\u00e9xico y Latinoam\u00e9rica y las soluciones tecnol\u00f3gicas y de servicios existentes para conseguir la descarbonizaci\u00f3n","publisher":{"@id":"https:\/\/netzero-community.com\/prueba\/#organization"},"potentialAction":[{"@type":"SearchAction","target":{"@type":"EntryPoint","urlTemplate":"https:\/\/netzero-community.com\/prueba\/?s={search_term_string}"},"query-input":{"@type":"PropertyValueSpecification","valueRequired":true,"valueName":"search_term_string"}}],"inLanguage":"es"},{"@type":"Organization","@id":"https:\/\/netzero-community.com\/prueba\/#organization","name":"Net-Zero Community","url":"https:\/\/netzero-community.com\/prueba\/","logo":{"@type":"ImageObject","inLanguage":"es","@id":"https:\/\/netzero-community.com\/prueba\/#\/schema\/logo\/image\/","url":"https:\/\/netzero-community.com\/prueba\/wp-content\/uploads\/2023\/02\/nzc-logotipo.jpg","contentUrl":"https:\/\/netzero-community.com\/prueba\/wp-content\/uploads\/2023\/02\/nzc-logotipo.jpg","width":696,"height":696,"caption":"Net-Zero Community"},"image":{"@id":"https:\/\/netzero-community.com\/prueba\/#\/schema\/logo\/image\/"},"sameAs":["https:\/\/www.facebook.com\/NetZeroCommunity"]}]}},"_links":{"self":[{"href":"https:\/\/netzero-community.com\/prueba\/wp-json\/wp\/v2\/pages\/3","targetHints":{"allow":["GET"]}}],"collection":[{"href":"https:\/\/netzero-community.com\/prueba\/wp-json\/wp\/v2\/pages"}],"about":[{"href":"https:\/\/netzero-community.com\/prueba\/wp-json\/wp\/v2\/types\/page"}],"author":[{"embeddable":true,"href":"https:\/\/netzero-community.com\/prueba\/wp-json\/wp\/v2\/users\/1"}],"replies":[{"embeddable":true,"href":"https:\/\/netzero-community.com\/prueba\/wp-json\/wp\/v2\/comments?post=3"}],"version-history":[{"count":2,"href":"https:\/\/netzero-community.com\/prueba\/wp-json\/wp\/v2\/pages\/3\/revisions"}],"predecessor-version":[{"id":6159,"href":"https:\/\/netzero-community.com\/prueba\/wp-json\/wp\/v2\/pages\/3\/revisions\/6159"}],"wp:attachment":[{"href":"https:\/\/netzero-community.com\/prueba\/wp-json\/wp\/v2\/media?parent=3"}],"curies":[{"name":"wp","href":"https:\/\/api.w.org\/{rel}","templated":true}]}}